{"id":237,"date":"2021-04-23T18:23:17","date_gmt":"2021-04-23T18:23:17","guid":{"rendered":"https:\/\/www.the-spirit-move.com\/?page_id=237"},"modified":"2022-04-07T13:37:02","modified_gmt":"2022-04-07T13:37:02","slug":"veranstaltungen","status":"publish","type":"page","link":"https:\/\/www.the-spirit-move.com\/index.php\/veranstaltungen\/","title":{"rendered":"Veranstaltungen"},"content":{"rendered":"\n<figure class=\"wp-block-image size-large\"><img loading=\"lazy\" width=\"660\" height=\"374\" src=\"https:\/\/i2.wp.com\/www.the-spirit-move.com\/wp-content\/uploads\/2021\/11\/Spirit_Move_Thumnail2.jpg?resize=660%2C374&#038;ssl=1\" alt=\"\" class=\"wp-image-293\" srcset=\"https:\/\/i2.wp.com\/www.the-spirit-move.com\/wp-content\/uploads\/2021\/11\/Spirit_Move_Thumnail2.jpg?resize=1842%2C1044&amp;ssl=1 1842w, https:\/\/i2.wp.com\/www.the-spirit-move.com\/wp-content\/uploads\/2021\/11\/Spirit_Move_Thumnail2.jpg?resize=300%2C170&amp;ssl=1 300w, https:\/\/i2.wp.com\/www.the-spirit-move.com\/wp-content\/uploads\/2021\/11\/Spirit_Move_Thumnail2.jpg?resize=768%2C435&amp;ssl=1 768w, https:\/\/i2.wp.com\/www.the-spirit-move.com\/wp-content\/uploads\/2021\/11\/Spirit_Move_Thumnail2.jpg?resize=1536%2C871&amp;ssl=1 1536w, https:\/\/i2.wp.com\/www.the-spirit-move.com\/wp-content\/uploads\/2021\/11\/Spirit_Move_Thumnail2.jpg?resize=2048%2C1161&amp;ssl=1 2048w, https:\/\/i2.wp.com\/www.the-spirit-move.com\/wp-content\/uploads\/2021\/11\/Spirit_Move_Thumnail2.jpg?w=1320&amp;ssl=1 1320w, https:\/\/i2.wp.com\/www.the-spirit-move.com\/wp-content\/uploads\/2021\/11\/Spirit_Move_Thumnail2.jpg?w=1980&amp;ssl=1 1980w\" sizes=\"(max-width: 660px) 100vw, 660px\" data-recalc-dims=\"1\" \/><\/figure>\n\n\n\n<p><\/p>\n\n\n\n<h2><strong>25.+26.06.22 &#8222;Spirit Move&#8220; Wabern, CH<\/strong><\/h2>\n\n\n\n<p>Sto\u00dfe positive Ver\u00e4nderung in deinem Leben an und erhalte mehr Freude und neue Visionen f\u00fcr dein Leben aus dem H\u00f6heren Bewusstsein. Gib dem wundervoll funkelnden Diamanten in dir Raum um f\u00fcr dich und andere strahlen und gl\u00e4nzen zu k\u00f6nnen.<\/p>\n\n\n\n<p><strong><br><\/strong>10:00 &#8211; 17:00 Uhr<br>Kosten:&nbsp;450.&#8211; CHF inkl. Kaffe, Tee und kleine Pausensnacks<\/p>\n\n\n\n<h3>Seminarinhalt:<\/h3>\n\n\n\n<ul><li>Die 8 Schritte des Spirit Moves<\/li><li>Viele \u00dcbungen und Mediationen rund um Spiritualit\u00e4t, neuer Erkenntnis und neuem Bewusstsein<\/li><li>Erweitere und nutze Deine Empathie Sensitivit\u00e4t<\/li><li>Beginne deine Hellsinne als nat\u00fcrliches Werkzeug deiner Seele zu erkennen und zu in dein Leben zu integrieren<\/li><li>Sende eine neue und wundervolle Kraft in dein Energiefeld<\/li><li>Entfachen der Kraft in dir<\/li><li>Schwingungserh\u00f6hung deines Bewusstseins<\/li><li>Anbindung an dein H\u00f6heres Bewusstsein<\/li><li>Befreien alter Fesseln<\/li><li>Erkennen deiner Bed\u00fcrfnisse<\/li><li>Lebenshilfe aus deiner Seele erhalten<\/li><li>Eintauchen in deine Lebensaufgabe \/ Lebensvision<\/li><\/ul>\n\n\n\n<p>Beginne deiner Seele geh\u00f6r zu verschaffen, um dich durch verschiedenen Lebenssituationen besser man\u00f6vrieren zu k\u00f6nnen. Durch den Spirit Move erweiterst du deine Intuition und die Anbindung an das h\u00f6here kollektive Bewusstsein. Richte nun deinen Blick auf eine neue Version deiner Selbst und beginnen deinen Seelenplan zu f\u00fchlen.<\/p>\n\n\n\n<p><strong>Melde dich hier f\u00fcr den Event an-&gt; <a rel=\"noreferrer noopener\" href=\"https:\/\/www.sue-dhaibi.com\/produkt\/der-spirit-move\/\" target=\"_blank\">www.sue-dhaibi.com<\/a><\/strong><\/p>\n\n\n\n<h2><strong>Weitere EVENTS, online wie auf Pr\u00e4senzveranstaltungen, mit Sue Dhabi findest du auf <a rel=\"noreferrer noopener\" href=\"https:\/\/www.sue-dhaibi.com\/events-ausbildungen\/\" target=\"_blank\">www.sue-dhaibi.com<\/a><\/strong><\/h2>\n\n\n\n<p><\/p>\n","protected":false},"excerpt":{"rendered":"<p>25.+26.06.22 &#8222;Spirit Move&#8220; Wabern, CH Sto\u00dfe positive Ver\u00e4nderung in deinem Leben an und erhalte mehr Freude und neue Visionen f\u00fcr dein Leben aus dem H\u00f6heren Bewusstsein. Gib dem wundervoll funkelnden Diamanten in dir Raum um f\u00fcr dich und andere strahlen und gl\u00e4nzen zu k\u00f6nnen. 10:00 &#8211; 17:00 UhrKosten:&nbsp;450.&#8211; CHF inkl. Kaffe, Tee und kleine Pausensnacks &hellip; <a href=\"https:\/\/www.the-spirit-move.com\/index.php\/veranstaltungen\/\" class=\"more-link\"><span class=\"screen-reader-text\">Veranstaltungen<\/span> weiterlesen<\/a><\/p>\n","protected":false},"author":2,"featured_media":0,"parent":0,"menu_order":0,"comment_status":"closed","ping_status":"closed","template":"","meta":{"_uag_custom_page_level_css":"","spay_email":""},"uagb_featured_image_src":{"full":false,"thumbnail":false,"medium":false,"medium_large":false,"large":false,"1536x1536":false,"2048x2048":false,"post-thumbnail":false},"uagb_author_info":{"display_name":"Sue Dhaibi","author_link":"https:\/\/www.the-spirit-move.com\/index.php\/author\/manager-sue\/"},"uagb_comment_info":0,"uagb_excerpt":"25.+26.06.22 &#8222;Spirit Move&#8220; Wabern, CH Sto\u00dfe positive Ver\u00e4nderung in deinem Leben an und erhalte mehr Freude und neue Visionen f\u00fcr dein Leben aus dem H\u00f6heren Bewusstsein. Gib dem wundervoll funkelnden Diamanten in dir Raum um f\u00fcr dich und andere strahlen und gl\u00e4nzen zu k\u00f6nnen. 10:00 &#8211; 17:00 UhrKosten:&nbsp;450.&#8211; CHF inkl. Kaffe, Tee und kleine Pausensnacks&hellip;","_links":{"self":[{"href":"https:\/\/www.the-spirit-move.com\/index.php\/wp-json\/wp\/v2\/pages\/237"}],"collection":[{"href":"https:\/\/www.the-spirit-move.com\/index.php\/wp-json\/wp\/v2\/pages"}],"about":[{"href":"https:\/\/www.the-spirit-move.com\/index.php\/wp-json\/wp\/v2\/types\/page"}],"author":[{"embeddable":true,"href":"https:\/\/www.the-spirit-move.com\/index.php\/wp-json\/wp\/v2\/users\/2"}],"replies":[{"embeddable":true,"href":"https:\/\/www.the-spirit-move.com\/index.php\/wp-json\/wp\/v2\/comments?post=237"}],"version-history":[{"count":24,"href":"https:\/\/www.the-spirit-move.com\/index.php\/wp-json\/wp\/v2\/pages\/237\/revisions"}],"predecessor-version":[{"id":303,"href":"https:\/\/www.the-spirit-move.com\/index.php\/wp-json\/wp\/v2\/pages\/237\/revisions\/303"}],"wp:attachment":[{"href":"https:\/\/www.the-spirit-move.com\/index.php\/wp-json\/wp\/v2\/media?parent=237"}],"curies":[{"name":"wp","href":"https:\/\/api.w.org\/{rel}","templated":true}]}}